{"id":56,"date":"2026-02-25T09:43:24","date_gmt":"2026-02-25T09:43:24","guid":{"rendered":"https:\/\/sofiamartinezaroca.fpcei.eu\/?page_id=56"},"modified":"2026-02-28T21:50:04","modified_gmt":"2026-02-28T21:50:04","slug":"temporadas","status":"publish","type":"page","link":"https:\/\/sofiamartinezaroca.fpcei.eu\/?page_id=56","title":{"rendered":"Temporadas"},"content":{"rendered":"\n<p><strong>Una serie de misterio y ciencia ficci\u00f3n ambientada en los a\u00f1os 80 que cambi\u00f3 la televisi\u00f3n.<\/strong><\/p>\n\n\n\n<p class=\"has-vivid-red-color has-text-color has-link-color wp-elements-6663a9fc763e12850ef71d76a7d79fbf\"><strong>TEMPORADA 1<\/strong> (2016)<\/p>\n\n\n\n<pre class=\"wp-block-verse\">La historia comienza con la misteriosa desaparici\u00f3n de Will Byers en el pueblo de Hawkins. Sus amigos y su familia lo buscan mientras descubren la existencia de Once y del Mundo del Rev\u00e9s, una dimensi\u00f3n paralela llena de peligros.<br><\/pre>\n\n\n\n<p class=\"has-vivid-red-color has-text-color has-link-color wp-elements-eb86651e2817992ef2400fb9d9f19d14\"><strong>TEMPORADA 2 (2017)<\/strong><\/p>\n\n\n\n<p>Un a\u00f1o despu\u00e9s, Will sigue afectado por lo que vivi\u00f3 en el Mundo del Rev\u00e9s. Una nueva amenaza aparece en Hawkins y el grupo debe unirse otra vez para enfrentarse a una criatura a\u00fan m\u00e1s poderosa.<br><\/p>\n\n\n\n<p class=\"has-vivid-red-color has-text-color has-link-color wp-elements-a77dc707217927bafd78e2a0a0de0db7\"><strong>TEMPORADA 3 (2019)<\/strong><\/p>\n\n\n\n<p>La historia se desarrolla durante el verano en el nuevo centro comercial Starcourt. Mientras los chicos intentan disfrutar de sus vacaciones, una nueva amenaza del Mundo del Rev\u00e9s vuelve a poner en peligro a la ciudad.<br><\/p>\n\n\n\n<p class=\"has-vivid-red-color has-text-color has-link-color wp-elements-4db1723d2d74684d3fe07286ade42321\"><strong>TEMPORADA 4 (2022)<\/strong><\/p>\n\n\n\n<p>El grupo est\u00e1 separado y cada uno vive en un lugar diferente. Aparece un nuevo villano llamado Vecna, mucho m\u00e1s peligroso. Los protagonistas deben enfrentarse a sus miedos para salvar Hawkins una vez m\u00e1s.<br><\/p>\n\n\n\n<p class=\"has-vivid-red-color has-text-color has-link-color wp-elements-cf8eec7c8040834fe303ea92167c6fb1\"><strong>TEMPORADA 5 (2025)<\/strong> EL <\/p>\n\n\n\n<p>Ser\u00e1 la temporada final de la serie. La historia continuar\u00e1 despu\u00e9s de los acontecimientos de la temporada 4, con Hawkins gravemente afectado por la apertura del Mundo del Rev\u00e9s. Los protagonistas deber\u00e1n unirse una \u00faltima vez para enfrentarse a la amenaza definitiva y cerrar la historia.<br><\/p>\n\n\n\n\n\n<p><\/p>\n","protected":false},"excerpt":{"rendered":"<p>Una serie de misterio y ciencia ficci\u00f3n ambientada en los a\u00f1os 80 que cambi\u00f3 la televisi\u00f3n. TEMPORADA 1 (2016) La historia comienza con la misteriosa desaparici\u00f3n de Will Byers en el pueblo de Hawkins. Sus amigos y su familia lo buscan mientras descubren la existencia de Once y del Mundo del Rev\u00e9s, una dimensi\u00f3n paralela&#8230;<\/p>\n","protected":false},"author":2,"featured_media":30,"parent":0,"menu_order":0,"comment_status":"closed","ping_status":"closed","template":"","meta":{"footnotes":""},"class_list":["post-56","page","type-page","status-publish","has-post-thumbnail","hentry"],"jetpack_sharing_enabled":true,"_links":{"self":[{"href":"https:\/\/sofiamartinezaroca.fpcei.eu\/index.php?rest_route=\/wp\/v2\/pages\/56","targetHints":{"allow":["GET"]}}],"collection":[{"href":"https:\/\/sofiamartinezaroca.fpcei.eu\/index.php?rest_route=\/wp\/v2\/pages"}],"about":[{"href":"https:\/\/sofiamartinezaroca.fpcei.eu\/index.php?rest_route=\/wp\/v2\/types\/page"}],"author":[{"embeddable":true,"href":"https:\/\/sofiamartinezaroca.fpcei.eu\/index.php?rest_route=\/wp\/v2\/users\/2"}],"replies":[{"embeddable":true,"href":"https:\/\/sofiamartinezaroca.fpcei.eu\/index.php?rest_route=%2Fwp%2Fv2%2Fcomments&post=56"}],"version-history":[{"count":2,"href":"https:\/\/sofiamartinezaroca.fpcei.eu\/index.php?rest_route=\/wp\/v2\/pages\/56\/revisions"}],"predecessor-version":[{"id":64,"href":"https:\/\/sofiamartinezaroca.fpcei.eu\/index.php?rest_route=\/wp\/v2\/pages\/56\/revisions\/64"}],"wp:featuredmedia":[{"embeddable":true,"href":"https:\/\/sofiamartinezaroca.fpcei.eu\/index.php?rest_route=\/wp\/v2\/media\/30"}],"wp:attachment":[{"href":"https:\/\/sofiamartinezaroca.fpcei.eu\/index.php?rest_route=%2Fwp%2Fv2%2Fmedia&parent=56"}],"curies":[{"name":"wp","href":"https:\/\/api.w.org\/{rel}","templated":true}]}}